-58 - 0).
46
What is the value of -4 + 6 + (-39 + 44 - 28) + 41?
20
7 + 8 - (17 - (10 + -7 - -9) - -49)
-39
Evaluate -21 - (986 - 976 - (2 + 0)).
-29
What is the value of 22 + (-13 - -71) + (-7 - -28)?
101
-22 + -8 + -26 + (43 - -10)
-3
Calculate 7 - (-2 - (-6 - ((9 - 1) + (35 - 4)))).
-36
What is -9 + (8 - -8) + -38 - (14 + -28)?
-17
Evaluate -11 + 5 + -1 + -192 + 227.
28
-1 + 63 + (588 - 599 - (-12 - (-1 - -5)))
67
Evaluate (-50 - -38) + (25 - 11 - -2) - -45.
49
7 + 19 + (-20 - 4) - (-1 + -29)
32
(-48 - -106) + -140 - -139
57
-22 + -5 + 60 - 26
7
What is 8 - ((35 - 12) + 5 - 16)?
-4
Calculate (8 - (0 + (-1 - (4 + -1)))) + -13.
-1
133 - (169 + 8 + -84)
40
-6 + -1 - (4 - (10 + 14)) - 4
9
What is the value of 38 + (16 - 8) - 34?
12
-39 - (105 - (320 + -135))
41
What is 12 + -7 + -20 + 42 + -18?
9
Evaluate -17 + 4 + 22 + -4 - (3 + -1) - 74.
-71
Evaluate -5 - 1 - (2352 + -2444).
86
(-77 - 7) + 3 + (0 - -12 - 2)
-71
-18 - (0 + -20 + 32) - 3
-33
What is the value of 50 + -55 + 20 + 17 + -4 + 2?
30
What is the value of 15 + (-29 - 5) + 56?
37
52 + (6 - 5) + -167
-114
-9 - ((1 - (-7 + 19)) + -5) - 101
-94
Evaluate 3 - 40 - (414 - 442).
-9
-19 + 67 + (-24 - -23) + 5
52
Evaluate -36 - (-158 - ((-39 - -20) + 22)).
125
What is -142 + -85 + 100 + (2 - 29 - 2)?
-156
Calculate (-21 - -12) + 4 + 6 + 6 + 6 + 80.
93
What is the value of -8 - (-12 - 6) - (-9 - (1 - 1))?
19
What is 29 - ((25 - 97) + 163)?
-62
What is 78 - (29 - -104) - 15?
-70
Calculate (-89 - -63 - -8) + (-11 - 15).
-44
What is 8 + (12 - (25 + -4)) - (3 - -79) - -5?
-78
What is -172 - -160 - (-28 - -3) - (-3 - -30)?
-14
Evaluate -1 + 1 + (-1 - 0) + 55 - (10936 - 10938).
56
Evaluate (-59 - (-132 + 67)) + 70.
76
Calculate 14 + (0 - 44) + 65 - 19.
16
What is 10 + (0 - -16) + -8 + -59?
-41
Calculate -14 - (11 + -159 + 83 + -18 + 0).
69
What is the value of -38 + (-9 - -60) - 15?
-2
What is the value of (47 - 106) + -57 + 212?
96
What is 171 + -53 + -72 + 30?
76
-39 + (-13 - (14 + -38 - -18)) + (-1 - -9)
-38
-5 + -114 + (14 - 57) + 39
-123
Evaluate -11 + (64 - 1) + -44 + 73 + -37.
44
What is the value of 19 - (4 + -59 + 62)?
12
Evaluate 44 + -35 - (-18 + 10 - -1).
16
Calculate (-1 - -50) + (4477 - 4557).
-31
What is the value of 68 + 9 + -113 + 54 + 22 + -2?
38
Evaluate -25 - (-14 - (17 - 26 - (3 - 7))).
-16
Evaluate 77 + (44 - 67) + 49.
103
What is (-2 - -2) + 123 + (-236 - -284 - (7 - -44))?
120
45 + 7 + 65 + -19
98
Evaluate -3 - 79 - ((35 - 20) + 6 + -23).
-80
9558 + -9522 + (-1 - 0) + -8
27
Calculate (7 - (5 + (-3 - -4) + -11)) + -17 + -11.
-16
What is the value of (-21 - (17 - 44)) + (-5 - 0)?
1
Evaluate 26 - (36 - (35 + -15)) - (1 - -19).
-10
What is the value of -453 + 556 - (32 - 4)?
75
Calculate -13 + (3 - 8) + -3 + -394 + 487.
72
What is -1 + -3 + (-2 - -66 - (27 + (28 - 46)))?
51
What is 6 + (-11 + 0 - (8 - -1 - 24))?
10
What is (-6 + (-45 - 9) - -5) + 11 + 14?
-30
(-590 - -584) + -12 + 57
39
What is 6 + -13 + -1 + -7 + 22?
7
Evaluate -49 + 1 - ((-12 - (-12 + 2 + -16)) + -18).
-44
Calculate 31 + (-60 - -62) + -57.
-24
Evaluate (1 - -20 - (319 - 315)) + -18.
-1
What is the value of 5 + -33 + 55 - (96 - 3)?
-66
Calculate (50 - 47) + (13 + 4 - (17 - (-2 + 10))).
11
2 + (1 - (-2 + -1)) - ((-94 - -72) + -4)
32
What is the value of -2270 + 2266 + (0 + (0 - 1) - -36)?
31
Calculate (-144 - -135) + (-3 - -22).
10
What is -4 + (2 - -18) + (24 - (-16 + -30))?
86
Evaluate (9 - 4 - (-8 - (-2 + -21))) + -8.
-18
Evaluate -144 - (59 + -128 - 11).
-64
Evaluate 41 - (2 + -1) - (42 + -77 + 52).
23
What is (0 - 8) + 0 + 2 - (8399 + -8421)?
16
What is -36 + 25 + -23 + 24 - 35?
-45
Evaluate -54 - 0 - ((16 - 20 - 21) + -3 - -21).
-47
50 + (24 - -23 - 80) - (19 - 0)
-2
What is (-68 - -44) + 5 + 48?
29
Evaluate -223 + 196 + (-3 - -7 - (-2 + 8)) + 8.
-21
What is the value of 10 - (-1 - -72) - (12 - (-10 + 29))?
-54
What is the value of -1 - (0 + 102) - ((97 - (-10 + 86)) + -11)?
-113
What is 62 + -70 + 17 + -14 + 3?
-2
Calculate (12 - 13) + 12 + 32 + (-7 - 0).
36
What is the value of -24 - (-22 - (-43 + 46))?
1
Calculate 1 - 0 - -28 - ((1 - -3) + -17).
42
Evaluate 13 + 2 - (118 - 111).
8
0 - (-10 + 12 + -25) - 32
-9
What is 8484 + -8498 - (7 - -1)?
-22
Calculate 13 + (-3 - 31 - (73 + -70)).
-24
(-1 - 18) + 14 + -25
-30
(58 - 1) + (-370 + 382 - (-3 + 1 + 18))
53
Calculate (-4 - (8 + -17 + 7 + 9)) + -9.
-20
Evaluate -9 + -17 + ((3 - 2) + 5 - -8).
-12
Evaluate (-26 + 26 - -15) + 5 + -55.
-35
Evaluate 1 + -59 + -23 + (48 - (1 + 29)).
-63
What is the value of 135 - 128 - ((-3 - 3) + 14 + -1 + 4)?
-4
13 + 1 + -8 + 0 + -11 - 78
-83
Calculate 2 + (-6 - 15 - -10 - (-77 - -4)).
64
Evaluate -17 - (-46 + 23 + -4 + -15).
25
What is the value of 2 + 8 + -9 + (-19 - -15) - -17?
14
Calculate -63 + 1 + (13 - (-265 - -288)).
-72
Calculate (-1 - 80) + (56 - 9) + (-36 - -9).
-61
-32 + 1 + 0 + -7 + 10 + -17
-45
Evaluate -38 - (-93 + 20) - 47.
-12
Evaluate 11 + (-13 + 0 - (13 - (24 - -15))).
24
What is the value of (67 + 1 - 37) + (-8 - (-2 + 1))?
24
What is 1856 - 1855 - (0 - -1)?
0
Evaluate (-4 + 9 + 0 - -18) + (-228 - -215).
10
Evaluate -1026 + 1174 - (91 - -12).
45
-61 + (-29 - (-10 - 81))
1
(-5 + -2 + (102 - 71) - 12 - 15) + 8
5
(27 - -8) + -27 - 17
-9
Calculate (-52 - (51 + -213)) + -47.
63
What is -29 + 53 + (-1 - 36)?
-13
Evaluate (2 - -99) + (-107 + 142 - (23 + 7)).
106
What is the value of 5205 + -5232 - (96 + -5)?
-118
16 + -46 - ((-4 - -3 - 2) + 14)
-41
(2034 - 2061) + (-1 + -1 - 0)
-29
What is -2 + -99 - (-2 - -2) - (3898 - 3913)?
-86
What is the value of 72 + -12 + 9 + -63?
6
Calculate 12 - ((-3 - (0 + 1)) + 4) - 5 - -17.
24
Evaluate (-17 - 18 - -17 - -28) + -4.
6
What is the value of -79 - ((-1161 - -1151) + (2 - ((-2 - -3) + 0)))?
-70
Evaluate (-31 - -21) + (-3 - (-1 - 1)) - -7 - -35.
31
Calculate 54 - 144 - (-9 - (11 + 11)).
-59
150 - (-27 - -91) - 0
86
Evaluate ((-22 - -11) + 23 - 5) + (13 - 2 - -11).
29
What is 77 + 2 - ((-46 - -24) + 40 + -34)?
95
What is -81 + 35 - -50 - (1 + 1 + 4)?
-2
What is -15 + (12 - (32 + 27 + -2)) + (-6 - 0)?
-66
What is 77 + -5 + 10 + -5 + 14 + (-53 - -31)?
69
What is -100 + 90 + -16 + -79?
-105
0 - -20 - (22 + (26 - 45) + -75)
92
Evaluate 31 + -14 + 24 - (2 + -13).
52
What is the value of (95 - (107 - 72)) + -81?
-21
Evaluate -113 - (47 + -60 - 57).
-43
Calculate -25 - (8 + 12 + -33 + -2 - -12).
-22
Evaluate 8 + -25 - (-82 - -9) - (-8 + -1).
65
(-1 - -17) + -22 + 69 + -10 + 25 + -9
69
(-106 - -125) + (-32 - 4)
-17
What is (679 - 667) + (-1 - -1) + (-4 - -2) - -25?
35
What is 5 + 3 + (-16 - -12 - 10) - -17?
11
What is the value of 13 - (-25 + 9 + 54) - 12?
-37
What is -154 + 58 + 44 - -32?
-20
Evaluate -1 - ((-255 - -308) + 3 + 0).
-57
Calculate 8 - (26 + 1 + -18 + -19).
18
What is the value of 10 - (-9 - (10 + -18)) - 58?
-47
-48 - (-17 - (36 - 17))
-12
(-5 - -14) + (16 - -24) + -2 + -5
42
What is the value of -5 - 4 - 4 - (84 + (-100 - -38))?
-35
Evaluate 3 + (-1 - (0 + -11)) + 57 - 13.
57
What is the value of -23 + (-49 - -62 - (-5 + 2)) + -17?
-24
What is 42 - 0 - (-1096 + 1109)?
29
What is the value of (-2 - -2) + (-8 - -9) - (2 - (2 + -4))?
-3
Calculate 70 - (-65 - -132) - (-2 + -78 - 0).
83
-3 - -4 - (-20 + 41 + 16)
-36
Evaluate (-95 - (68 - 16)) + 155.
8
What is -11 + -93 + 126 + (-16 - 0)?
6
Evaluate 40 + -9 + (-13 - -15).
33
Evaluate 60 + -11 + -33 + (-11 - -38).
43
Evaluate 61 + -38 + -80 - -42.
-15
What is the value of 4 + (-3 + -35 - -25) + -20?
-29
Evaluate -2 - (-4 + (2 - (16 - (-2 - -11))) - 78).
85
1 - -2 - -8 - ((243 - 100) + -195)
63
What is the value of -28 + 12 + 34 + -4 + -17 + -2?
-5
Evaluate 24 - (-21 - -18 - -1) - -13.
39
What is 10 + -44 + (-10 - (-6 + 1)) - -1?
-38
1 - 17 - -3 - (-4 + 0) - (99 + -124)
16
Calculate -1 + (2 - (1 - 0)) - (-179 - (162 - 354)).
-13
What is -6 - -25 - (1 + 99 + -228 + 207)?
-60
What is the value of (59 - 134) + 66 - 113?
-122
What is the value of (133 - 144) + (4 + (10 - 109) - -1)?
-105
What is the value of -49 - (-253 - (35 + -162))?
77
Evaluate -27 - (-6 - (10 + -10 + -18)).
-39
Calculate -103 + (-170 - -271) - (0 + 10 - (1 - 3)).
-14
Evaluate (33 - (-14 - (-39 - -18))) + -74.
-48
-33 + (-24 + 4 + (33 - 2) - (2 + 14))
-38
What is the value of -132 + (-8 - 2 - -71)?
-71
What is -4 - (14 - 57) - (66 - 5)?
-22
126 - 140 - (-78 + 4